{"id":579,"date":"2019-01-04T12:47:53","date_gmt":"2019-01-04T12:47:53","guid":{"rendered":"https:\/\/fornoscontenidors.com\/desamiantado\/la-galera\/"},"modified":"2019-01-04T12:47:53","modified_gmt":"2019-01-04T12:47:53","slug":"la-galera","status":"publish","type":"page","link":"https:\/\/fornoscontenidors.com\/es\/desamiantado\/la-galera\/","title":{"rendered":"Servicio de desamiantado en La Galera"},"content":{"rendered":"<p>El amianto o asbesto,  conocido com\u00fanmente como uralita, es un grupo de minerales metam\u00f3rficos fibrosos; un material usado en construcci\u00f3n que resulta t\u00f3xico. A principios de la d\u00e9cada de 2000 empez\u00f3 a prohibirse en muchos pa\u00edses, inclu\u00eddo Espa\u00f1a pero todav\u00eda hoy hay construcciones que contienen este tipo de material.  Al ser un material t\u00f3xico es obligatorio que la manipulaci\u00f3n del amianto se lleve a cabo con una empresa inscrita en el Registro de Empresas con Riesgo de Amianto (RERA).<\/p>\n<p> De las edificaciones de los a\u00f1os 60 y 80 es muy posible que haya contenido de amianto en lugares como dep\u00f3sitos de agua, baldosas o tejas de recubrimiento de tejados. <\/p>\n<p> La extracci\u00f3n del amianto es necesario que se ejecute por una empresa inscrita en el Registro de Empresas con Riesgo de Amianto (RERA) debido a sus efectos perjudiciales.  <\/p>\n<p> En Fornos Contenidors estamos autorizados para llevar a cabo el servicio de desamiantado en La Galera, cumpliendo con la seguridad y responsabilidad necesarias. Nos ocupamos de todo el procedimiento: desde el asesoramiento hasta el desmontaje y tratamiento del amianto.  <\/p>\n<h2>Otras localidades donde ofrecemos nuestros servicios de desamiantado<\/h2>\n<div class=\"col-md-4\">\n<ul>\n<li> <a href='https:\/\/fornoscontenidors.com\/es\/desamiantado\/benissanet'>Benissanet<\/a><\/li>\n<li> <a href='https:\/\/fornoscontenidors.com\/es\/desamiantado\/aldea'>L&#8217;Aldea<\/a><\/li>\n<li> <a href='https:\/\/fornoscontenidors.com\/es\/desamiantado\/santa-barbara'>Santa B\u00e0rbara<\/a><\/li>\n<li> <a href='https:\/\/fornoscontenidors.com\/es\/desamiantado\/la-senia'>La S\u00e9nia<\/a><\/li>\n<\/ul>\n<\/div>\n<div class=\"col-md-4\">\n<ul>\n<li> <a href='https:\/\/fornoscontenidors.com\/es\/desamiantado\/vilalba-dels-arcs'>Vilalba dels Arcs<\/a><\/li>\n<li> <a href='https:\/\/fornoscontenidors.com\/es\/desamiantado\/la-serra-d-almos'>La Serra d&#8217;Almos<\/a><\/li>\n<li> <a href='https:\/\/fornoscontenidors.com\/es\/desamiantado\/la-pobla-de-massaluca'>La Pobla de Massaluca<\/a><\/li>\n<li> <a href='https:\/\/fornoscontenidors.com\/es\/desamiantado\/vinebre'>Vinebre<\/a><\/li>\n<\/ul>\n<\/div>\n<div class=\"col-md-4\">\n<ul>\n<li> <a href='https:\/\/fornoscontenidors.com\/es\/desamiantado\/batea'>Batea<\/a><\/li>\n<li> <a href='https:\/\/fornoscontenidors.com\/es\/desamiantado\/pauls'>Pa\u00fcls<\/a><\/li>\n<li> <a href='https:\/\/fornoscontenidors.com\/es\/desamiantado\/sant-jaume-d-enveja'>Sant Jaume d&#8217;Enveja<\/a><\/li>\n<li> <a href='https:\/\/fornoscontenidors.com\/es\/desamiantado\/alcanar'>Alcanar<\/a><\/li>\n<\/ul>\n<\/div>\n<div class=\"clearfix\"><\/div>\n","protected":false},"excerpt":{"rendered":"<p>El amianto o asbesto, conocido com\u00fanmente como uralita, es un grupo de minerales metam\u00f3rficos fibrosos; un material usado en construcci\u00f3n que resulta t\u00f3xico. A principios de la d\u00e9cada de 2000 empez\u00f3 a prohibirse en muchos pa\u00edses, inclu\u00eddo Espa\u00f1a pero todav\u00eda hoy hay construcciones que contienen este tipo de material. Al ser un material t\u00f3xico es [&hellip;]<\/p>\n","protected":false},"author":1,"featured_media":0,"parent":395,"menu_order":0,"comment_status":"open","ping_status":"open","template":"page-seo.php","meta":{"inline_featured_image":false,"_exactmetrics_skip_tracking":false,"_exactmetrics_sitenote_active":false,"_exactmetrics_sitenote_note":"","_exactmetrics_sitenote_category":0},"yoast_head":"<!-- This site is optimized with the Yoast SEO plugin v17.1 - https:\/\/yoast.com\/wordpress\/plugins\/seo\/ -->\n<title>Servicio de retirada de amianto en La Galera - Fornos Contenidors<\/title>\n<meta name=\"description\" content=\"Gestor de residuos autorizado. Servicio de desamiantado en La Galera. Servicio seguro y eficiente. - Fornos Contenidors\" \/>\n<meta name=\"robots\" content=\"index, follow, max-snippet:-1, max-image-preview:large, max-video-preview:-1\" \/>\n<link rel=\"canonical\" href=\"https:\/\/fornoscontenidors.com\/es\/desamiantado\/la-galera\/\" \/>\n<meta property=\"og:locale\" content=\"es_ES\" \/>\n<meta property=\"og:type\" content=\"article\" \/>\n<meta property=\"og:title\" content=\"Servicio de retirada de amianto en La Galera - Fornos Contenidors\" \/>\n<meta property=\"og:description\" content=\"Gestor de residuos autorizado. Servicio de desamiantado en La Galera. Servicio seguro y eficiente. - Fornos Contenidors\" \/>\n<meta property=\"og:url\" content=\"https:\/\/fornoscontenidors.com\/es\/desamiantado\/la-galera\/\" \/>\n<meta property=\"og:site_name\" content=\"Fornos Contenidors\" \/>\n<meta property=\"article:publisher\" content=\"https:\/\/www.facebook.com\/FornosContenidorsSL\" \/>\n<meta name=\"twitter:card\" content=\"summary_large_image\" \/>\n<meta name=\"twitter:label1\" content=\"Tiempo de lectura\" \/>\n\t<meta name=\"twitter:data1\" content=\"1 minuto\" \/>\n<script type=\"application\/ld+json\" class=\"yoast-schema-graph\">{\"@context\":\"https:\/\/schema.org\",\"@graph\":[{\"@type\":\"Organization\",\"@id\":\"https:\/\/fornoscontenidors.com\/es\/#organization\",\"name\":\"Fornos Contenidors\",\"url\":\"https:\/\/fornoscontenidors.com\/es\/\",\"sameAs\":[\"https:\/\/www.facebook.com\/FornosContenidorsSL\"],\"logo\":{\"@type\":\"ImageObject\",\"@id\":\"https:\/\/fornoscontenidors.com\/es\/#logo\",\"inLanguage\":\"es\",\"url\":\"https:\/\/fornoscontenidors.com\/wp-content\/uploads\/2018\/11\/Fornos_Logo_2T_2018.svg\",\"contentUrl\":\"https:\/\/fornoscontenidors.com\/wp-content\/uploads\/2018\/11\/Fornos_Logo_2T_2018.svg\",\"caption\":\"Fornos Contenidors\"},\"image\":{\"@id\":\"https:\/\/fornoscontenidors.com\/es\/#logo\"}},{\"@type\":\"WebSite\",\"@id\":\"https:\/\/fornoscontenidors.com\/es\/#website\",\"url\":\"https:\/\/fornoscontenidors.com\/es\/\",\"name\":\"Fornos Contenidors\",\"description\":\"Lloguer de contenidors al Baix Ebre\",\"publisher\":{\"@id\":\"https:\/\/fornoscontenidors.com\/es\/#organization\"},\"potentialAction\":[{\"@type\":\"SearchAction\",\"target\":{\"@type\":\"EntryPoint\",\"urlTemplate\":\"https:\/\/fornoscontenidors.com\/es\/?s={search_term_string}\"},\"query-input\":\"required name=search_term_string\"}],\"inLanguage\":\"es\"},{\"@type\":\"WebPage\",\"@id\":\"https:\/\/fornoscontenidors.com\/es\/desamiantado\/la-galera\/#webpage\",\"url\":\"https:\/\/fornoscontenidors.com\/es\/desamiantado\/la-galera\/\",\"name\":\"Servicio de retirada de amianto en La Galera - Fornos Contenidors\",\"isPartOf\":{\"@id\":\"https:\/\/fornoscontenidors.com\/es\/#website\"},\"datePublished\":\"2019-01-04T12:47:53+00:00\",\"dateModified\":\"2019-01-04T12:47:53+00:00\",\"description\":\"Gestor de residuos autorizado. Servicio de desamiantado en La Galera. Servicio seguro y eficiente. - Fornos Contenidors\",\"breadcrumb\":{\"@id\":\"https:\/\/fornoscontenidors.com\/es\/desamiantado\/la-galera\/#breadcrumb\"},\"inLanguage\":\"es\",\"potentialAction\":[{\"@type\":\"ReadAction\",\"target\":[\"https:\/\/fornoscontenidors.com\/es\/desamiantado\/la-galera\/\"]}]},{\"@type\":\"BreadcrumbList\",\"@id\":\"https:\/\/fornoscontenidors.com\/es\/desamiantado\/la-galera\/#breadcrumb\",\"itemListElement\":[{\"@type\":\"ListItem\",\"position\":1,\"name\":\"Portada\",\"item\":\"https:\/\/fornoscontenidors.com\/es\/\"},{\"@type\":\"ListItem\",\"position\":2,\"name\":\"Desamiantado\",\"item\":\"https:\/\/fornoscontenidors.com\/es\/desamiantado\/\"},{\"@type\":\"ListItem\",\"position\":3,\"name\":\"Servicio de desamiantado en La Galera\"}]}]}<\/script>\n<!-- \/ Yoast SEO plugin. -->","yoast_head_json":{"title":"Servicio de retirada de amianto en La Galera - Fornos Contenidors","description":"Gestor de residuos autorizado. Servicio de desamiantado en La Galera. Servicio seguro y eficiente. - Fornos Contenidors","robots":{"index":"index","follow":"follow","max-snippet":"max-snippet:-1","max-image-preview":"max-image-preview:large","max-video-preview":"max-video-preview:-1"},"canonical":"https:\/\/fornoscontenidors.com\/es\/desamiantado\/la-galera\/","og_locale":"es_ES","og_type":"article","og_title":"Servicio de retirada de amianto en La Galera - Fornos Contenidors","og_description":"Gestor de residuos autorizado. Servicio de desamiantado en La Galera. Servicio seguro y eficiente. - Fornos Contenidors","og_url":"https:\/\/fornoscontenidors.com\/es\/desamiantado\/la-galera\/","og_site_name":"Fornos Contenidors","article_publisher":"https:\/\/www.facebook.com\/FornosContenidorsSL","twitter_card":"summary_large_image","twitter_misc":{"Tiempo de lectura":"1 minuto"},"schema":{"@context":"https:\/\/schema.org","@graph":[{"@type":"Organization","@id":"https:\/\/fornoscontenidors.com\/es\/#organization","name":"Fornos Contenidors","url":"https:\/\/fornoscontenidors.com\/es\/","sameAs":["https:\/\/www.facebook.com\/FornosContenidorsSL"],"logo":{"@type":"ImageObject","@id":"https:\/\/fornoscontenidors.com\/es\/#logo","inLanguage":"es","url":"https:\/\/fornoscontenidors.com\/wp-content\/uploads\/2018\/11\/Fornos_Logo_2T_2018.svg","contentUrl":"https:\/\/fornoscontenidors.com\/wp-content\/uploads\/2018\/11\/Fornos_Logo_2T_2018.svg","caption":"Fornos Contenidors"},"image":{"@id":"https:\/\/fornoscontenidors.com\/es\/#logo"}},{"@type":"WebSite","@id":"https:\/\/fornoscontenidors.com\/es\/#website","url":"https:\/\/fornoscontenidors.com\/es\/","name":"Fornos Contenidors","description":"Lloguer de contenidors al Baix Ebre","publisher":{"@id":"https:\/\/fornoscontenidors.com\/es\/#organization"},"potentialAction":[{"@type":"SearchAction","target":{"@type":"EntryPoint","urlTemplate":"https:\/\/fornoscontenidors.com\/es\/?s={search_term_string}"},"query-input":"required name=search_term_string"}],"inLanguage":"es"},{"@type":"WebPage","@id":"https:\/\/fornoscontenidors.com\/es\/desamiantado\/la-galera\/#webpage","url":"https:\/\/fornoscontenidors.com\/es\/desamiantado\/la-galera\/","name":"Servicio de retirada de amianto en La Galera - Fornos Contenidors","isPartOf":{"@id":"https:\/\/fornoscontenidors.com\/es\/#website"},"datePublished":"2019-01-04T12:47:53+00:00","dateModified":"2019-01-04T12:47:53+00:00","description":"Gestor de residuos autorizado. Servicio de desamiantado en La Galera. Servicio seguro y eficiente. - Fornos Contenidors","breadcrumb":{"@id":"https:\/\/fornoscontenidors.com\/es\/desamiantado\/la-galera\/#breadcrumb"},"inLanguage":"es","potentialAction":[{"@type":"ReadAction","target":["https:\/\/fornoscontenidors.com\/es\/desamiantado\/la-galera\/"]}]},{"@type":"BreadcrumbList","@id":"https:\/\/fornoscontenidors.com\/es\/desamiantado\/la-galera\/#breadcrumb","itemListElement":[{"@type":"ListItem","position":1,"name":"Portada","item":"https:\/\/fornoscontenidors.com\/es\/"},{"@type":"ListItem","position":2,"name":"Desamiantado","item":"https:\/\/fornoscontenidors.com\/es\/desamiantado\/"},{"@type":"ListItem","position":3,"name":"Servicio de desamiantado en La Galera"}]}]}},"_links":{"self":[{"href":"https:\/\/fornoscontenidors.com\/es\/wp-json\/wp\/v2\/pages\/579"}],"collection":[{"href":"https:\/\/fornoscontenidors.com\/es\/wp-json\/wp\/v2\/pages"}],"about":[{"href":"https:\/\/fornoscontenidors.com\/es\/wp-json\/wp\/v2\/types\/page"}],"author":[{"embeddable":true,"href":"https:\/\/fornoscontenidors.com\/es\/wp-json\/wp\/v2\/users\/1"}],"replies":[{"embeddable":true,"href":"https:\/\/fornoscontenidors.com\/es\/wp-json\/wp\/v2\/comments?post=579"}],"version-history":[{"count":1,"href":"https:\/\/fornoscontenidors.com\/es\/wp-json\/wp\/v2\/pages\/579\/revisions"}],"predecessor-version":[{"id":647,"href":"https:\/\/fornoscontenidors.com\/es\/wp-json\/wp\/v2\/pages\/579\/revisions\/647"}],"up":[{"embeddable":true,"href":"https:\/\/fornoscontenidors.com\/es\/wp-json\/wp\/v2\/pages\/395"}],"wp:attachment":[{"href":"https:\/\/fornoscontenidors.com\/es\/wp-json\/wp\/v2\/media?parent=579"}],"curies":[{"name":"wp","href":"https:\/\/api.w.org\/{rel}","templated":true}]}}

<p>El amianto o asbesto,  conocido comúnmente como uralita, es un grupo de minerales metamórficos fibrosos; un material usado en construcción que resulta tóxico. A principios de la década de 2000 empezó a prohibirse en muchos países, incluído España pero todavía hoy hay construcciones que contienen este tipo de material.  Al ser un material tóxico es obligatorio que la manipulación del amianto se lleve a cabo con una empresa inscrita en el Registro de Empresas con Riesgo de Amianto (RERA).</p>
<p> De las edificaciones de los años 60 y 80 es muy posible que haya contenido de amianto en lugares como depósitos de agua, baldosas o tejas de recubrimiento de tejados. </p>
<p> La extracción del amianto es necesario que se ejecute por una empresa inscrita en el Registro de Empresas con Riesgo de Amianto (RERA) debido a sus efectos perjudiciales.  </p>
<p> En Fornos Contenidors estamos autorizados para llevar a cabo el servicio de desamiantado en La Galera, cumpliendo con la seguridad y responsabilidad necesarias. Nos ocupamos de todo el procedimiento: desde el asesoramiento hasta el desmontaje y tratamiento del amianto.  </p>
<h2>Otras localidades donde ofrecemos nuestros servicios de desamiantado</h2>
<div class="col-md-4">
<ul>
<li> <a href='https://fornoscontenidors.com/es/desamiantado/benissanet'>Benissanet</a></li>
<li> <a href='https://fornoscontenidors.com/es/desamiantado/aldea'>L&#8217;Aldea</a></li>
<li> <a href='https://fornoscontenidors.com/es/desamiantado/santa-barbara'>Santa Bàrbara</a></li>
<li> <a href='https://fornoscontenidors.com/es/desamiantado/la-senia'>La Sénia</a></li>
</ul>
</div>
<div class="col-md-4">
<ul>
<li> <a href='https://fornoscontenidors.com/es/desamiantado/vilalba-dels-arcs'>Vilalba dels Arcs</a></li>
<li> <a href='https://fornoscontenidors.com/es/desamiantado/la-serra-d-almos'>La Serra d&#8217;Almos</a></li>
<li> <a href='https://fornoscontenidors.com/es/desamiantado/la-pobla-de-massaluca'>La Pobla de Massaluca</a></li>
<li> <a href='https://fornoscontenidors.com/es/desamiantado/vinebre'>Vinebre</a></li>
</ul>
</div>
<div class="col-md-4">
<ul>
<li> <a href='https://fornoscontenidors.com/es/desamiantado/batea'>Batea</a></li>
<li> <a href='https://fornoscontenidors.com/es/desamiantado/pauls'>Paüls</a></li>
<li> <a href='https://fornoscontenidors.com/es/desamiantado/sant-jaume-d-enveja'>Sant Jaume d&#8217;Enveja</a></li>
<li> <a href='https://fornoscontenidors.com/es/desamiantado/alcanar'>Alcanar</a></li>
</ul>
</div>
<div class="clearfix"></div>

<p>El amianto o asbesto, conocido comúnmente como uralita, es un grupo de minerales metamórficos fibrosos; un material usado en construcción que resulta tóxico. A principios de la década de 2000 empezó a prohibirse en muchos países, incluído España pero todavía hoy hay construcciones que contienen este tipo de material. Al ser un material tóxico es [&hellip;]</p>
